{"id":762,"date":"2021-01-05T07:48:36","date_gmt":"2021-01-05T07:48:36","guid":{"rendered":"http:\/\/www.bebot.pt\/bebot\/?page_id=762"},"modified":"2022-02-13T07:49:30","modified_gmt":"2022-02-13T07:49:30","slug":"lisboa-3d","status":"publish","type":"page","link":"https:\/\/www.bebot.pt\/bebot\/index.php\/lisboa-3d\/","title":{"rendered":"Lisboa 3D"},"content":{"rendered":"\n<p><iframe loading=\"lazy\" width=\"560\" height=\"315\" src=\"https:\/\/www.youtube.com\/embed\/mGURlVXbPCg\" title=\"YouTube video player\" frameborder=\"0\" allow=\"accelerometer; autoplay; clipboard-write; encrypted-media; gyroscope; picture-in-picture\" allowfullscreen=\"\">&lt;\/p><\/iframe><gwmw style=\"display:none;\"><\/p>\n\n\n\n<p><iframe loading=\"lazy\" width=\"560\" height=\"315\" src=\"https:\/\/www.youtube.com\/embed\/tbCOtwCoXz0\" title=\"YouTube video player\" frameborder=\"0\" allow=\"accelerometer; autoplay; clipboard-write; encrypted-media; gyroscope; picture-in-picture\" allowfullscreen=\"\">&lt;\/p><\/iframe><\/p>\n\n\n\n<p>Digitaliza\u00e7\u00e3o de 82 est\u00e1tuas da cidade de Lisboa, 2017.<\/p>\n","protected":false},"excerpt":{"rendered":"<p>&lt;\/p> &lt;\/p> Digitaliza\u00e7\u00e3o de 82 est\u00e1tuas da cidade de Lisboa, 2017.<\/p>\n","protected":false},"author":1,"featured_media":0,"parent":0,"menu_order":0,"comment_status":"closed","ping_status":"closed","template":"templates\/template-full-width.php","meta":{"footnotes":""},"class_list":["post-762","page","type-page","status-publish","hentry"],"_links":{"self":[{"href":"https:\/\/www.bebot.pt\/bebot\/index.php\/wp-json\/wp\/v2\/pages\/762","targetHints":{"allow":["GET"]}}],"collection":[{"href":"https:\/\/www.bebot.pt\/bebot\/index.php\/wp-json\/wp\/v2\/pages"}],"about":[{"href":"https:\/\/www.bebot.pt\/bebot\/index.php\/wp-json\/wp\/v2\/types\/page"}],"author":[{"embeddable":true,"href":"https:\/\/www.bebot.pt\/bebot\/index.php\/wp-json\/wp\/v2\/users\/1"}],"replies":[{"embeddable":true,"href":"https:\/\/www.bebot.pt\/bebot\/index.php\/wp-json\/wp\/v2\/comments?post=762"}],"version-history":[{"count":27,"href":"https:\/\/www.bebot.pt\/bebot\/index.php\/wp-json\/wp\/v2\/pages\/762\/revisions"}],"predecessor-version":[{"id":1055,"href":"https:\/\/www.bebot.pt\/bebot\/index.php\/wp-json\/wp\/v2\/pages\/762\/revisions\/1055"}],"wp:attachment":[{"href":"https:\/\/www.bebot.pt\/bebot\/index.php\/wp-json\/wp\/v2\/media?parent=762"}],"curies":[{"name":"wp","href":"https:\/\/api.w.org\/{rel}","templated":true}]}}